{"id":13224,"date":"2022-10-24T09:33:54","date_gmt":"2022-10-24T07:33:54","guid":{"rendered":"https:\/\/www.rector.fr\/contact\/"},"modified":"2024-02-15T10:22:15","modified_gmt":"2024-02-15T09:22:15","slug":"contact","status":"publish","type":"page","link":"https:\/\/www.rector.fr\/en\/contact\/","title":{"rendered":"Contact"},"content":{"rendered":"<div class=\"wp-post-content\"><!-- zone:zn_pagebanner [0] --><br \/>\n\t\t<!-- \/zone:zn_pagebanner [0] -->\n<\/div>\n","protected":false},"excerpt":{"rendered":"","protected":false},"author":14,"featured_media":0,"parent":0,"menu_order":40,"comment_status":"closed","ping_status":"closed","template":"","meta":{"_acf_changed":false,"_relevanssi_hide_post":"","_relevanssi_hide_content":"","_relevanssi_pin_for_all":"","_relevanssi_pin_keywords":"","_relevanssi_unpin_keywords":"","_relevanssi_related_keywords":"","_relevanssi_related_include_ids":"","_relevanssi_related_exclude_ids":"","_relevanssi_related_no_append":"","_relevanssi_related_not_related":"","_relevanssi_related_posts":"","_relevanssi_noindex_reason":"","footnotes":""},"skp_appearance":[],"class_list":["post-13224","page","type-page","status-publish","hentry","wp-sticky"],"acf":[],"yoast_head":"<!-- This site is optimized with the Yoast SEO plugin v27.5 - https:\/\/yoast.com\/product\/yoast-seo-wordpress\/ -->\n<title>Contact Rector, Coordonn\u00e9es Rector, Recrutement Rector | Rector<\/title>\n<meta name=\"description\" content=\"Besoin de contacter les \u00e9quipes Rector ? Que ce soit pour une question technique, un acc\u00e8s &quot;partenaires&quot;, une candidature ou toute autre demande !\" \/>\n<meta name=\"robots\" content=\"index, follow, max-snippet:-1, max-image-preview:large, max-video-preview:-1\" \/>\n<link rel=\"canonical\" href=\"https:\/\/www.rector.fr\/en\/contact\/\" \/>\n<meta property=\"og:locale\" content=\"en_US\" \/>\n<meta property=\"og:type\" content=\"article\" \/>\n<meta property=\"og:title\" content=\"Contact Rector, Coordonn\u00e9es Rector, Recrutement Rector | Rector\" \/>\n<meta property=\"og:description\" content=\"Besoin de contacter les \u00e9quipes Rector ? Que ce soit pour une question technique, un acc\u00e8s &quot;partenaires&quot;, une candidature ou toute autre demande !\" \/>\n<meta property=\"og:url\" content=\"https:\/\/www.rector.fr\/en\/contact\/\" \/>\n<meta property=\"og:site_name\" content=\"Rector\" \/>\n<meta property=\"article:modified_time\" content=\"2024-02-15T09:22:15+00:00\" \/>\n<meta property=\"og:image\" content=\"https:\/\/www.rector.fr\/wp-inside\/uploads\/2026\/02\/rector-default-social.jpg\" \/>\n\t<meta property=\"og:image:width\" content=\"1200\" \/>\n\t<meta property=\"og:image:height\" content=\"675\" \/>\n\t<meta property=\"og:image:type\" content=\"image\/jpeg\" \/>\n<meta name=\"twitter:card\" content=\"summary_large_image\" \/>\n<script type=\"application\/ld+json\" class=\"yoast-schema-graph\">{\"@context\":\"https:\\\/\\\/schema.org\",\"@graph\":[{\"@type\":\"WebPage\",\"@id\":\"https:\\\/\\\/www.rector.fr\\\/en\\\/contact\\\/\",\"url\":\"https:\\\/\\\/www.rector.fr\\\/en\\\/contact\\\/\",\"name\":\"Contact Rector, Coordonn\u00e9es Rector, Recrutement Rector\",\"isPartOf\":{\"@id\":\"https:\\\/\\\/www.rector.fr\\\/en\\\/#website\"},\"datePublished\":\"2022-10-24T07:33:54+00:00\",\"dateModified\":\"2024-02-15T09:22:15+00:00\",\"description\":\"Besoin de contacter les \u00e9quipes Rector ? Que ce soit pour une question technique, un acc\u00e8s \\\"partenaires\\\", une candidature ou toute autre demande !\",\"breadcrumb\":{\"@id\":\"https:\\\/\\\/www.rector.fr\\\/en\\\/contact\\\/#breadcrumb\"},\"inLanguage\":\"en-US\",\"potentialAction\":[{\"@type\":\"ReadAction\",\"target\":[\"https:\\\/\\\/www.rector.fr\\\/en\\\/contact\\\/\"]}]},{\"@type\":\"BreadcrumbList\",\"@id\":\"https:\\\/\\\/www.rector.fr\\\/en\\\/contact\\\/#breadcrumb\",\"itemListElement\":[{\"@type\":\"ListItem\",\"position\":1,\"name\":\"Home\",\"item\":\"https:\\\/\\\/www.rector.fr\\\/en\\\/\"},{\"@type\":\"ListItem\",\"position\":2,\"name\":\"Contact\"}]},{\"@type\":\"WebSite\",\"@id\":\"https:\\\/\\\/www.rector.fr\\\/en\\\/#website\",\"url\":\"https:\\\/\\\/www.rector.fr\\\/en\\\/\",\"name\":\"Rector\",\"description\":\"Mieux construire ensemble\",\"publisher\":{\"@id\":\"https:\\\/\\\/www.rector.fr\\\/en\\\/#organization\"},\"potentialAction\":[{\"@type\":\"SearchAction\",\"target\":{\"@type\":\"EntryPoint\",\"urlTemplate\":\"https:\\\/\\\/www.rector.fr\\\/en\\\/?s={search_term_string}\"},\"query-input\":{\"@type\":\"PropertyValueSpecification\",\"valueRequired\":true,\"valueName\":\"search_term_string\"}}],\"inLanguage\":\"en-US\"},{\"@type\":\"Organization\",\"@id\":\"https:\\\/\\\/www.rector.fr\\\/en\\\/#organization\",\"name\":\"Rector\",\"url\":\"https:\\\/\\\/www.rector.fr\\\/en\\\/\",\"logo\":{\"@type\":\"ImageObject\",\"inLanguage\":\"en-US\",\"@id\":\"https:\\\/\\\/www.rector.fr\\\/en\\\/#\\\/schema\\\/logo\\\/image\\\/\",\"url\":\"https:\\\/\\\/www.rector.fr\\\/wp-inside\\\/uploads\\\/2025\\\/03\\\/rector20_baselinedessous_rvb.png\",\"contentUrl\":\"https:\\\/\\\/www.rector.fr\\\/wp-inside\\\/uploads\\\/2025\\\/03\\\/rector20_baselinedessous_rvb.png\",\"width\":920,\"height\":518,\"caption\":\"Rector\"},\"image\":{\"@id\":\"https:\\\/\\\/www.rector.fr\\\/en\\\/#\\\/schema\\\/logo\\\/image\\\/\"},\"sameAs\":[\"https:\\\/\\\/www.linkedin.com\\\/company\\\/rector-lesage\\\/\",\"https:\\\/\\\/www.youtube.com\\\/c\\\/rector\"]}]}<\/script>\n<!-- \/ Yoast SEO plugin. -->","yoast_head_json":{"title":"Contact Rector, Coordonn\u00e9es Rector, Recrutement Rector | Rector","description":"Besoin de contacter les \u00e9quipes Rector ? Que ce soit pour une question technique, un acc\u00e8s \"partenaires\", une candidature ou toute autre demande !","robots":{"index":"index","follow":"follow","max-snippet":"max-snippet:-1","max-image-preview":"max-image-preview:large","max-video-preview":"max-video-preview:-1"},"canonical":"https:\/\/www.rector.fr\/en\/contact\/","og_locale":"en_US","og_type":"article","og_title":"Contact Rector, Coordonn\u00e9es Rector, Recrutement Rector | Rector","og_description":"Besoin de contacter les \u00e9quipes Rector ? Que ce soit pour une question technique, un acc\u00e8s \"partenaires\", une candidature ou toute autre demande !","og_url":"https:\/\/www.rector.fr\/en\/contact\/","og_site_name":"Rector","article_modified_time":"2024-02-15T09:22:15+00:00","og_image":[{"width":1200,"height":675,"url":"https:\/\/www.rector.fr\/wp-inside\/uploads\/2026\/02\/rector-default-social.jpg","type":"image\/jpeg"}],"twitter_card":"summary_large_image","schema":{"@context":"https:\/\/schema.org","@graph":[{"@type":"WebPage","@id":"https:\/\/www.rector.fr\/en\/contact\/","url":"https:\/\/www.rector.fr\/en\/contact\/","name":"Contact Rector, Coordonn\u00e9es Rector, Recrutement Rector","isPartOf":{"@id":"https:\/\/www.rector.fr\/en\/#website"},"datePublished":"2022-10-24T07:33:54+00:00","dateModified":"2024-02-15T09:22:15+00:00","description":"Besoin de contacter les \u00e9quipes Rector ? Que ce soit pour une question technique, un acc\u00e8s \"partenaires\", une candidature ou toute autre demande !","breadcrumb":{"@id":"https:\/\/www.rector.fr\/en\/contact\/#breadcrumb"},"inLanguage":"en-US","potentialAction":[{"@type":"ReadAction","target":["https:\/\/www.rector.fr\/en\/contact\/"]}]},{"@type":"BreadcrumbList","@id":"https:\/\/www.rector.fr\/en\/contact\/#breadcrumb","itemListElement":[{"@type":"ListItem","position":1,"name":"Home","item":"https:\/\/www.rector.fr\/en\/"},{"@type":"ListItem","position":2,"name":"Contact"}]},{"@type":"WebSite","@id":"https:\/\/www.rector.fr\/en\/#website","url":"https:\/\/www.rector.fr\/en\/","name":"Rector","description":"Mieux construire ensemble","publisher":{"@id":"https:\/\/www.rector.fr\/en\/#organization"},"potentialAction":[{"@type":"SearchAction","target":{"@type":"EntryPoint","urlTemplate":"https:\/\/www.rector.fr\/en\/?s={search_term_string}"},"query-input":{"@type":"PropertyValueSpecification","valueRequired":true,"valueName":"search_term_string"}}],"inLanguage":"en-US"},{"@type":"Organization","@id":"https:\/\/www.rector.fr\/en\/#organization","name":"Rector","url":"https:\/\/www.rector.fr\/en\/","logo":{"@type":"ImageObject","inLanguage":"en-US","@id":"https:\/\/www.rector.fr\/en\/#\/schema\/logo\/image\/","url":"https:\/\/www.rector.fr\/wp-inside\/uploads\/2025\/03\/rector20_baselinedessous_rvb.png","contentUrl":"https:\/\/www.rector.fr\/wp-inside\/uploads\/2025\/03\/rector20_baselinedessous_rvb.png","width":920,"height":518,"caption":"Rector"},"image":{"@id":"https:\/\/www.rector.fr\/en\/#\/schema\/logo\/image\/"},"sameAs":["https:\/\/www.linkedin.com\/company\/rector-lesage\/","https:\/\/www.youtube.com\/c\/rector"]}]}},"_links":{"self":[{"href":"https:\/\/www.rector.fr\/en\/wp-json\/wp\/v2\/pages\/13224","targetHints":{"allow":["GET"]}}],"collection":[{"href":"https:\/\/www.rector.fr\/en\/wp-json\/wp\/v2\/pages"}],"about":[{"href":"https:\/\/www.rector.fr\/en\/wp-json\/wp\/v2\/types\/page"}],"author":[{"embeddable":true,"href":"https:\/\/www.rector.fr\/en\/wp-json\/wp\/v2\/users\/14"}],"replies":[{"embeddable":true,"href":"https:\/\/www.rector.fr\/en\/wp-json\/wp\/v2\/comments?post=13224"}],"version-history":[{"count":1,"href":"https:\/\/www.rector.fr\/en\/wp-json\/wp\/v2\/pages\/13224\/revisions"}],"predecessor-version":[{"id":13225,"href":"https:\/\/www.rector.fr\/en\/wp-json\/wp\/v2\/pages\/13224\/revisions\/13225"}],"wp:attachment":[{"href":"https:\/\/www.rector.fr\/en\/wp-json\/wp\/v2\/media?parent=13224"}],"wp:term":[{"taxonomy":"skp_appearance","embeddable":true,"href":"https:\/\/www.rector.fr\/en\/wp-json\/wp\/v2\/skp_appearance?post=13224"}],"curies":[{"name":"wp","href":"https:\/\/api.w.org\/{rel}","templated":true}]}}

<!-- This site is optimized with the Yoast SEO plugin v27.5 - https://yoast.com/product/yoast-seo-wordpress/ -->
<title>Contact Rector, Coordonnées Rector, Recrutement Rector | Rector</title>
<meta name="description" content="Besoin de contacter les équipes Rector ? Que ce soit pour une question technique, un accès &quot;partenaires&quot;, une candidature ou toute autre demande !" />
<meta name="robots" content="index, follow, max-snippet:-1, max-image-preview:large, max-video-preview:-1" />
<link rel="canonical" href="https://www.rector.fr/en/contact/" />
<meta property="og:locale" content="en_US" />
<meta property="og:type" content="article" />
<meta property="og:title" content="Contact Rector, Coordonnées Rector, Recrutement Rector | Rector" />
<meta property="og:description" content="Besoin de contacter les équipes Rector ? Que ce soit pour une question technique, un accès &quot;partenaires&quot;, une candidature ou toute autre demande !" />
<meta property="og:url" content="https://www.rector.fr/en/contact/" />
<meta property="og:site_name" content="Rector" />
<meta property="article:modified_time" content="2024-02-15T09:22:15+00:00" />
<meta property="og:image" content="https://www.rector.fr/wp-inside/uploads/2026/02/rector-default-social.jpg" />
	<meta property="og:image:width" content="1200" />
	<meta property="og:image:height" content="675" />
	<meta property="og:image:type" content="image/jpeg" />
<meta name="twitter:card" content="summary_large_image" />
<script type="application/ld+json" class="yoast-schema-graph">{"@context":"https:\/\/schema.org","@graph":[{"@type":"WebPage","@id":"https:\/\/www.rector.fr\/en\/contact\/","url":"https:\/\/www.rector.fr\/en\/contact\/","name":"Contact Rector, Coordonnées Rector, Recrutement Rector","isPartOf":{"@id":"https:\/\/www.rector.fr\/en\/#website"},"datePublished":"2022-10-24T07:33:54+00:00","dateModified":"2024-02-15T09:22:15+00:00","description":"Besoin de contacter les équipes Rector ? Que ce soit pour une question technique, un accès \"partenaires\", une candidature ou toute autre demande !","breadcrumb":{"@id":"https:\/\/www.rector.fr\/en\/contact\/#breadcrumb"},"inLanguage":"en-US","potentialAction":[{"@type":"ReadAction","target":["https:\/\/www.rector.fr\/en\/contact\/"]}]},{"@type":"BreadcrumbList","@id":"https:\/\/www.rector.fr\/en\/contact\/#breadcrumb","itemListElement":[{"@type":"ListItem","position":1,"name":"Home","item":"https:\/\/www.rector.fr\/en\/"},{"@type":"ListItem","position":2,"name":"Contact"}]},{"@type":"WebSite","@id":"https:\/\/www.rector.fr\/en\/#website","url":"https:\/\/www.rector.fr\/en\/","name":"Rector","description":"Mieux construire ensemble","publisher":{"@id":"https:\/\/www.rector.fr\/en\/#organization"},"potentialAction":[{"@type":"SearchAction","target":{"@type":"EntryPoint","urlTemplate":"https:\/\/www.rector.fr\/en\/?s={search_term_string}"},"query-input":{"@type":"PropertyValueSpecification","valueRequired":true,"valueName":"search_term_string"}}],"inLanguage":"en-US"},{"@type":"Organization","@id":"https:\/\/www.rector.fr\/en\/#organization","name":"Rector","url":"https:\/\/www.rector.fr\/en\/","logo":{"@type":"ImageObject","inLanguage":"en-US","@id":"https:\/\/www.rector.fr\/en\/#\/schema\/logo\/image\/","url":"https:\/\/www.rector.fr\/wp-inside\/uploads\/2025\/03\/rector20_baselinedessous_rvb.png","contentUrl":"https:\/\/www.rector.fr\/wp-inside\/uploads\/2025\/03\/rector20_baselinedessous_rvb.png","width":920,"height":518,"caption":"Rector"},"image":{"@id":"https:\/\/www.rector.fr\/en\/#\/schema\/logo\/image\/"},"sameAs":["https:\/\/www.linkedin.com\/company\/rector-lesage\/","https:\/\/www.youtube.com\/c\/rector"]}]}</script>
<!-- / Yoast SEO plugin. -->

Contact Rector, Coordonnées Rector, Recrutement Rector | Rector

Besoin de contacter les équipes Rector ? Que ce soit pour une question technique, un accès "partenaires", une candidature ou toute autre demande !

Contact Rector, Coordonnées Rector, Recrutement Rector
